the remainder when 195 is divided by 41.
31
Calculate the remainder when 165 is divided by 30.
15
Calculate the remainder when 135 is divided by 135.
0
Calculate the remainder when 821 is divided by 813.
8
What is the remainder when 1565 is divided by 228?
197
What is the remainder when 929 is divided by 11?
5
Calculate the remainder when 1595 is divided by 47.
44
What is the remainder when 67 is divided by 43?
24
What is the remainder when 10229 is divided by 12?
5
What is the remainder when 222 is divided by 45?
42
Calculate the remainder when 116 is divided by 7.
4
Calculate the remainder when 282 is divided by 41.
36
What is the remainder when 140 is divided by 16?
12
Calculate the remainder when 546 is divided by 246.
54
What is the remainder when 628 is divided by 68?
16
What is the remainder when 2143 is divided by 4?
3
What is the remainder when 78 is divided by 44?
34
What is the remainder when 230 is divided by 11?
10
What is the remainder when 265 is divided by 91?
83
What is the remainder when 370 is divided by 310?
60
Calculate the remainder when 1060 is divided by 98.
80
Calculate the remainder when 2164 is divided by 1070.
24
Calculate the remainder when 675 is divided by 185.
120
What is the remainder when 127 is divided by 26?
23
Calculate the remainder when 201 is divided by 70.
61
Calculate the remainder when 573 is divided by 155.
108
Calculate the remainder when 3020 is divided by 54.
50
Calculate the remainder when 174 is divided by 46.
36
Calculate the remainder when 136 is divided by 32.
8
Calculate the remainder when 3106 is divided by 183.
178
What is the remainder when 4843 is divided by 37?
33
What is the remainder when 2596 is divided by 14?
6
Calculate the remainder when 1189 is divided by 119.
118
What is the remainder when 1067 is divided by 6?
5
Calculate the remainder when 240 is divided by 50.
40
What is the remainder when 15 is divided by 11?
4
What is the remainder when 4474 is divided by 6?
4
What is the remainder when 64 is divided by 18?
10
Calculate the remainder when 1055 is divided by 23.
20
What is the remainder when 2966 is divided by 45?
41
What is the remainder when 380 is divided by 36?
20
What is the remainder when 464 is divided by 39?
35
Calculate the remainder when 858 is divided by 72.
66
Calculate the remainder when 969 is divided by 9.
6
What is the remainder when 150 is divided by 55?
40
Calculate the remainder when 546 is divided by 55.
51
What is the remainder when 241 is divided by 51?
37
What is the remainder when 39 is divided by 22?
17
Calculate the remainder when 27025 is divided by 33.
31
What is the remainder when 671 is divided by 212?
35
Calculate the remainder when 61 is divided by 56.
5
Calculate the remainder when 314 is divided by 79.
77
What is the remainder when 1173 is divided by 246?
189
What is the remainder when 607 is divided by 10?
7
Calculate the remainder when 983 is divided by 79.
35
Calculate the remainder when 110 is divided by 36.
2
Calculate the remainder when 342 is divided by 2.
0
Calculate the remainder when 564 is divided by 187.
3
What is the remainder when 184 is divided by 11?
8
Calculate the remainder when 56 is divided by 33.
23
Calculate the remainder when 809 is divided by 196.
25
Calculate the remainder when 109 is divided by 11.
10
What is the remainder when 4046 is divided by 1344?
14
What is the remainder when 69 is divided by 31?
7
What is the remainder when 95 is divided by 19?
0
What is the remainder when 223 is divided by 68?
19
Calculate the remainder when 671 is divided by 152.
63
Calculate the remainder when 151 is divided by 38.
37
Calculate the remainder when 5507 is divided by 50.
7
What is the remainder when 964 is divided by 51?
46
Calculate the remainder when 30 is divided by 8.
6
Calculate the remainder when 16 is divided by 11.
5
What is the remainder when 935 is divided by 12?
11
What is the remainder when 820 is divided by 27?
10
What is the remainder when 596 is divided by 60?
56
What is the remainder when 48 is divided by 35?
13
What is the remainder when 223 is divided by 34?
19
Calculate the remainder when 460 is divided by 31.
26
Calculate the remainder when 317 is divided by 37.
21
What is the remainder when 464 is divided by 215?
34
Calculate the remainder when 91 is divided by 38.
15
What is the remainder when 827 is divided by 5?
2
What is the remainder when 474 is divided by 8?
2
Calculate the remainder when 117 is divided by 14.
5
What is the remainder when 946 is divided by 311?
13
What is the remainder when 381 is divided by 48?
45
Calculate the remainder when 119 is divided by 24.
23
What is the remainder when 4638 is divided by 10?
8
What is the remainder when 8 is divided by 5?
3
What is the remainder when 248 is divided by 245?
3
Calculate the remainder when 243 is divided by 136.
107
Calculate the remainder when 3472 is divided by 25.
22
What is the remainder when 1026 is divided by 18?
0
Calculate the remainder when 740 is divided by 31.
27
What is the remainder when 20237 is divided by 44?
41
What is the remainder when 8505 is divided by 32?
25
Calculate the remainder when 4120 is divided by 18.
16
Calculate the remainder when 202 is divided by 41.
38
Calculate the remainder when 381 is divided by 127.
0
Calculate the remainder when 346 is divided by 39.
34
Calculate the remainder when 122 is divided by 45.
32
Calculate the remainder when 9497 is divided by 23.
21
What is the remainder when 26 is divided by 14?
12
What is the remainder when 42 is divided by 20?
2
Calculate the remainder when 1090 is divided by 21.
19
What is the remainder when 182 is divided by 37?
34
What is the remainder when 321 is divided by 7?
6
Calculate the remainder when 14081 is divided by 2814.
11
Calculate the remainder when 397 is divided by 57.
55
Calculate the remainder when 40 is divided by 2.
0
Calculate the remainder when 167 is divided by 34.
31
What is the remainder when 3673 is divided by 105?
103
What is the remainder when 1434 is divided by 452?
78
Calculate the remainder when 582 is divided by 45.
42
What is the remainder when 176 is divided by 92?
84
What is the remainder when 912 is divided by 55?
32
What is the remainder when 448 is divided by 91?
84
What is the remainder when 2348 is divided by 22?
16
What is the remainder when 488 is divided by 127?
107
Calculate the remainder when 475 is divided by 53.
51
What is the remainder when 29 is divided by 7?
1
Calculate the remainder when 923 is divided by 37.
35
Calculate the remainder when 149 is divided by 50.
49
Calculate the remainder when 8073 is divided by 41.
37
Calculate the remainder when 2065 is divided by 30.
25
What is the remainder when 257 is divided by 129?
128
What is the remainder when 11 is divided by 6?
5
What is the remainder when 236 is divided by 168?
68
What is the remainder when 1590 is divided by 71?
28
Calculate the remainder when 15063 is divided by 42.
27
Calculate the remainder when 1721 is divided by 14.
13
What is the remainder when 1203 is divided by 25?
3
What is the remainder when 136 is divided by 99?
37
Calculate the remainder when 382 is divided by 149.
84
Calculate the remainder when 572 is divided by 270.
32
Calculate the remainder when 960 is divided by 87.
3
Calculate the remainder when 172 is divided by 39.
16
Calculate the remainder when 40 is divided by 2.
0
What is the remainder when 85 is divided by 9?
4
Calculate the remainder when 307 is divided by 22.
21
What is the remainder when 47 is divided by 25?
22
What is the remainder when 222 is divided by 51?
18
Calculate the remainder when 940 is divided by 157.
155
Calculate the remainder when 170 is divided by 43.
41
Calculate the remainder when 2642 is divided by 296.
274
Calculate the remainder when 403 is divided by 17.
12
What is the remainder when 365 is divided by 118?
11
Calculate the remainder when 53278 is divided by 296.
294
Calculate the remainder when 101 is divided by 26.
23
What is the remainder when 126 is divided by 69?
57
Calculate the remainder when 3151 is divided by 1567.
17
Calculate the remainder when 106 is divided by 10.
6
Calculate the remainder when 90 is divided by 79.
11
Calculate the remainder when 110 is divided by 39.
32
Calculate the rema